
What are the prime factors of 16806?
2, 3, 2801
What are the prime factors of 5418?
2, 3, 7, 43
What are the prime factors of 2338?
2, 7, 167
List the prime factors of 807.
3, 269
List the prime factors of 75374.
2, 13, 223
What are the prime factors of 2823?
3, 941
List the prime factors of 10759.
7, 29, 53
List the prime factors of 17708.
2, 19, 233
List the prime factors of 5302.
2, 11, 241
List the prime factors of 899.
29, 31
What are the prime factors of 3026?
2, 17, 89
What are the prime factors of 3125?
5
What are the prime factors of 1937?
13, 149
What are the prime factors of 92968?
2, 11621
What are the prime factors of 1984?
2, 31
List the prime factors of 8629.
8629
List the prime factors of 761.
761
List the prime factors of 32188.
2, 13, 619
List the prime factors of 1853.
17, 109
List the prime factors of 12362.
2, 7, 883
List the prime factors of 1251.
3, 139
What are the prime factors of 129805?
5, 13, 1997
List the prime factors of 380.
2, 5, 19
What are the prime factors of 1270?
2, 5, 127
List the prime factors of 704.
2, 11
List the prime factors of 11181.
3, 3727
List the prime factors of 9039.
3, 23, 131
List the prime factors of 18116.
2, 7, 647
List the prime factors of 10938.
2, 3, 1823
What are the prime factors of 1297?
1297
List the prime factors of 1823.
1823
List the prime factors of 7662.
2, 3, 1277
List the prime factors of 114581.
149, 769
List the prime factors of 1437.
3, 479
List the prime factors of 153501.
3, 19, 2693
What are the prime factors of 11810?
2, 5, 1181
What are the prime factors of 15635?
5, 53, 59
List the prime factors of 18902.
2, 13, 727
List the prime factors of 57763.
47, 1229
What are the prime factors of 25362?
2, 3, 1409
What are the prime factors of 8555?
5, 29, 59
What are the prime factors of 4182?
2, 3, 17, 41
List the prime factors of 1339.
13, 103
List the prime factors of 165477.
3, 13, 4243
List the prime factors of 5849.
5849
List the prime factors of 2067.
3, 13, 53
List the prime factors of 19700.
2, 5, 197
What are the prime factors of 3699?
3, 137
What are the prime factors of 4525?
5, 181
What are the prime factors of 6?
2, 3
What are the prime factors of 429?
3, 11, 13
What are the prime factors of 32228?
2, 7, 1151
What are the prime factors of 1705?
5, 11, 31
List the prime factors of 50868.
2, 3, 157
What are the prime factors of 44201?
44201
List the prime factors of 3281.
17, 193
What are the prime factors of 23202?
2, 3, 1289
List the prime factors of 2738.
2, 37
List the prime factors of 3914.
2, 19, 103
What are the prime factors of 8381?
17, 29
List the prime factors of 21085.
5, 4217
What are the prime factors of 117624?
2, 3, 13, 29
What are the prime factors of 2967?
3, 23, 43
What are the prime factors of 354?
2, 3, 59
List the prime factors of 862.
2, 431
What are the prime factors of 1406?
2, 19, 37
What are the prime factors of 4883?
19, 257
List the prime factors of 199.
199
What are the prime factors of 454?
2, 227
List the prime factors of 1414.
2, 7, 101
List the prime factors of 15355.
5, 37, 83
What are the prime factors of 1271?
31, 41
What are the prime factors of 291?
3, 97
What are the prime factors of 3775?
5, 151
What are the prime factors of 72?
2, 3
List the prime factors of 10933.
13, 29
What are the prime factors of 705?
3, 5, 47
List the prime factors of 5283.
3, 587
List the prime factors of 11808.
2, 3, 41
What are the prime factors of 5129?
23, 223
What are the prime factors of 698?
2, 349
What are the prime factors of 4703?
4703
List the prime factors of 1931.
1931
What are the prime factors of 39764?
2, 9941
List the prime factors of 5662.
2, 19, 149
What are the prime factors of 567?
3, 7
What are the prime factors of 15111?
3, 23, 73
List the prime factors of 2847.
3, 13, 73
What are the prime factors of 28472?
2, 3559
What are the prime factors of 1490?
2, 5, 149
What are the prime factors of 2416?
2, 151
List the prime factors of 1634.
2, 19, 43
What are the prime factors of 25996?
2, 67, 97
What are the prime factors of 75761?
7, 79, 137
List the prime factors of 68735.
5, 59, 233
List the prime factors of 10058.
2, 47, 107
What are the prime factors of 1306?
2, 653
List the prime factors of 528.
2, 3, 11
What are the prime factors of 35852?
2, 8963
What are the prime factors of 538?
2, 269
List the prime factors of 6058.
2, 13, 233
List the prime factors of 2479.
37, 67
What are the prime factors of 7959?
3, 7, 379
List the prime factors of 41574.
2, 3, 13, 41
What are the prime factors of 366?
2, 3, 61
What are the prime factors of 52787?
7, 7541
What are the prime factors of 14328?
2, 3, 199
List the prime factors of 8377.
8377
What are the prime factors of 19587?
3, 6529
What are the prime factors of 505?
5, 101
What are the prime factors of 451?
11, 41
What are the prime factors of 1217?
1217
List the prime factors of 428.
2, 107
What are the prime factors of 720?
2, 3, 5
List the prime factors of 4129.
4129
What are the prime factors of 1314?
2, 3, 73
What are the prime factors of 1192?
2, 149
What are the prime factors of 727?
727
List the prime factors of 4527.
3, 503
List the prime factors of 6861.
3, 2287
List the prime factors of 975.
3, 5, 13
List the prime factors of 5534.
2, 2767
What are the prime factors of 1211?
7, 173
List the prime factors of 4818.
2, 3, 11, 73
What are the prime factors of 27345?
3, 5, 1823
What are the prime factors of 9404?
2, 2351
List the prime factors of 60410.
2, 5, 7, 863
What are the prime factors of 287?
7, 41
List the prime factors of 1723.
1723
What are the prime factors of 645?
3, 5, 43
What are the prime factors of 7491?
3, 11, 227
What are the prime factors of 583?
11, 53
List the prime factors of 1591.
37, 43
List the prime factors of 98160.
2, 3, 5, 409
List the prime factors of 30223.
30223
List the prime factors of 103391.
103391
List the prime factors of 1257.
3, 419
What are the prime factors of 13650?
2, 3, 5, 7, 13
What are the prime factors of 803?
11, 73
What are the prime factors of 3006?
2, 3, 167
What are the prime factors of 70332?
2, 3, 5861
List the prime factors of 991.
991
What are the prime factors of 45461?
13, 269
List the prime factors of 16225.
5, 11, 59
What are the prime factors of 10074?
2, 3, 23, 73
List the prime factors of 2118.
2, 3, 353
List the prime factors of 22905.
3, 5, 509
List the prime factors of 2339.
2339
List the prime factors of 120357.
3, 43, 311
List the prime factors of 19770.
2, 3, 5, 659
List the prime factors of 2089.
2089
List the prime factors of 39.
3, 13
What are the prime factors of 84?
2, 3, 7
What are the prime factors of 30773?
30773
What are the prime factors of 1093?
1093
List the prime factors of 18723.
3, 79
List the prime factors of 16822.
2, 13, 647
What are the prime factors of 78736?
2, 7, 19, 37
List the prime factors of 3615.
3, 5, 241
List the prime factors of 63548.
2, 15887
What are the prime factors of 494?
2, 13, 19
What are the prime factors of 43617?
3, 7, 31, 67
List the prime factors of 1362.
2, 3, 227
List the prime factors of 102.
2, 3, 17
List the prime factors of 251.
251
What are the prime factors of 1385?
5, 277
List the prime factors of 1580.
2, 5, 79
List the prime factors of 8714.
2, 4357
List the prime factors of 13113.
3, 31, 47
List the prime factors of 40724.
2, 10181
List the prime factors of 813.
3, 271
What are the prime factors of 2943?
3, 109
List the prime factors of 6167.
7, 881
What are the prime factors of 8538?
2, 3, 1423
List the prime factors of 12833.
41, 313
List the prime factors of 1649.
17, 97
What are the prime factors of 1459?
1459
What are the prime factors of 353?
353
What are the prime factors of 1152?
2, 3
What are the prime factors of 85744?
2, 23, 233
List the prime factors of 121757.
313, 389
List the prime factors of 1005.
3, 5, 67
List the prime factors of 5566.
2, 11, 23
List the prime factors of 3545.
5, 709
List the prime factors of 3746.
2, 1873
List the prime factors of 151.
151
What are the prime factors of 20437?
107, 191
List the prime factors of 133648.
2, 8353
List the prime factors of 133770.
2, 3, 5, 7, 13
What are the prime factors of 4106?
2, 2053
List the prime factors of 9143.
41, 223
What are the prime factors of 7201?
19, 379
What are th